s 233383 a composite number?
True
Is 549817 composite?
False
Is 1867297 prime?
False
Is 61819 a composite number?
False
Is 1081973 composite?
True
Is 6863 prime?
True
Is 10765 a composite number?
True
Is 631 a prime number?
True
Is 25937 a prime number?
False
Is 2934541 a composite number?
True
Is 3162617 a composite number?
True
Is 403373 composite?
True
Is 3989641 prime?
True
Is 16519 composite?
False
Is 122069 composite?
False
Is 74123 a prime number?
False
Is 25451 composite?
True
Is 240703 prime?
False
Is 658303 a prime number?
True
Is 3127 prime?
False
Is 38531 a composite number?
True
Is 27502 prime?
False
Is 795347 composite?
True
Is 107171 composite?
False
Is 174805 composite?
True
Is 2495 prime?
False
Is 90653 composite?
True
Is 8501 a composite number?
False
Is 64661 a prime number?
True
Is 430649 a prime number?
True
Is 12227 a composite number?
False
Is 225286 composite?
True
Is 102497 prime?
True
Is 29343 prime?
False
Is 10111 composite?
False
Is 63047 composite?
True
Is 35885 composite?
True
Is 12451 a prime number?
True
Is 691 a prime number?
True
Is 42727 prime?
True
Is 880661 a prime number?
True
Is 17063 composite?
True
Is 29213 composite?
True
Is 6131 composite?
False
Is 148331 a prime number?
True
Is 272827 prime?
False
Is 134557 a composite number?
True
Is 187027 a prime number?
True
Is 638137 composite?
True
Is 58999 a composite number?
True
Is 23591 composite?
True
Is 42043 a composite number?
False
Is 83113 a prime number?
False
Is 85691 composite?
False
Is 22691 a composite number?
False
Is 70331 a prime number?
False
Is 1451521 a composite number?
False
Is 13777 composite?
True
Is 266767 composite?
False
Is 2052857 a composite number?
False
Is 7103 composite?
False
Is 280639 prime?
True
Is 456997 prime?
False
Is 7033 a composite number?
True
Is 36647 prime?
False
Is 41399 a prime number?
True
Is 11863 composite?
False
Is 215639 a composite number?
True
Is 16495 composite?
True
Is 2861 composite?
False
Is 76177 a composite number?
True
Is 229367 a composite number?
True
Is 1991 composite?
True
Is 847427 a prime number?
False
Is 323837 prime?
True
Is 7093 a prime number?
False
Is 3017 composite?
True
Is 15757 a prime number?
False
Is 243029 a prime number?
False
Is 14197 a composite number?
False
Is 143681 prime?
False
Is 14699 composite?
False
Is 602197 prime?
True
Is 4951502 prime?
False
Is 168839 prime?
False
Is 662819 prime?
True
Is 121853 prime?
True
Is 58177 a composite number?
True
Is 2867 composite?
True
Is 47423 prime?
False
Is 1289459 a prime number?
True
Is 4727 composite?
True
Is 68063 a prime number?
False
Is 169559 a prime number?
False
Is 419126 a composite number?
True
Is 56249 composite?
False
Is 510743 composite?
True
Is 13907 a composite number?
False
Is 15349 prime?
True
Is 464713 a composite number?
True
Is 1133347 a prime number?
False
Is 844733 prime?
True
Is 10717 a composite number?
True
Is 48157 composite?
False
Is 185897 a composite number?
False
Is 44698 composite?
True
Is 7541 prime?
True
Is 496189 composite?
True
Is 457294 composite?
True
Is 1010069 a composite number?
False
Is 19517 a composite number?
True
Is 6899 composite?
False
Is 581809 composite?
False
Is 14699 a composite number?
False
Is 34739 composite?
False
Is 163939 composite?
True
Is 127631 a prime number?
False
Is 547271 composite?
False
Is 160481 prime?
True
Is 22677 prime?
False
Is 40459 a composite number?
False
Is 31301 composite?
True
Is 158653 a prime number?
False
Is 29797 a composite number?
True
Is 27785 a prime number?
False
Is 19109 a prime number?
False
Is 583 a composite number?
True
Is 1912357 a composite number?
False
Is 7165 a composite number?
True
Is 2227 prime?
False
Is 30491 prime?
True
Is 84263 a composite number?
False
Is 2470057 composite?
True
Is 33458 composite?
True
Is 125921 composite?
False
Is 543589 a prime number?
False
Is 1513 prime?
False
Is 108971 prime?
True
Is 3149 a prime number?
False
Is 64257 a composite number?
True
Is 2609 prime?
True
Is 17863 composite?
False
Is 226483 a prime number?
True
Is 78602 composite?
True
Is 52853 a composite number?
True
Is 8257 composite?
True
Is 59557 composite?
False
Is 24281 prime?
True
Is 625463 prime?
False
Is 17717 a composite number?
True
Is 272185 a prime number?
False
Is 2333 a prime number?
True
Is 57773 a composite number?
False
Is 27361 composite?
False
Is 627461 prime?
False
Is 711323 a prime number?
False
Is 230929 composite?
False
Is 132541 composite?
False
Is 186895 a composite number?
True
Is 12313 prime?
False
Is 288191 a composite number?
False
Is 70139 composite?
False
Is 26153 a prime number?
True
Is 182977 a prime number?
False
Is 1526321 prime?
True
Is 9809 prime?
False
Is 329089 composite?
False
Is 319 prime?
False
Is 10279 composite?
True
Is 48239 a prime number?
True
Is 112929 a composite number?
True
Is 11351 a prime number?
True
Is 3367681 prime?
True
Is 6947 prime?
True
Is 699589 composite?
True
Is 50529 prime?
False
Is 283389 a composite number?
True
Is 803171 prime?
True
Is 131959 prime?
True
Is 1686527 a prime number?
True
Is 9069 a prime number?
False
Is 15986 composite?
True
Is 43391 composite?
False
Is 426971 a prime number?
True
Is 4259237 prime?
True
Is 164231 prime?
True
Is 2724551 prime?
True
Is 576577 composite?
False
Is 78082 prime?
False
Is 8023 a prime number?
False
Is 29753 prime?
True
Is 11383 prime?
True
Is 1298467 prime?
True
Is 132817 a composite number?
False
Is 843 a composite number?
True
Is 505249 a prime number?
False
Is 3907 a composite number?
False
Is 143531 composite?
True
Is 320747 prime?
False
Is 1399 prime?
True
Is 14579 prime?
False
Is 71209 a prime number?
True
Is 2833 composite?
False
Is 152653 a composite number?
True
Is 114017 prime?
False
Is 61001 a prime number?
True
Is 367879 composite?
False
Is 1559 prime?
True
Is 953822 prime?
False
Is 230403 composite?
True
Is 65733 prime?
False
Is 67451 a prime number?
False
Is 183683 prime?
True
Is 2678851 a prime number?
False
Is 67951 a composite number?
True
Is 3110431 prime?
True
Is 67603 composite?
True
Is 31013 a prime number?
True
Is 307807 prime?
False
Is 68633 a prime number?
True
Is 871393 a prime number?
True
Is 2501 prime?
False
Is 28001 composite?
False
Is 4663 composite?
False
Is 635 a prime number?
False
Is 3397 prime?
False
Is 841717 a prime number?
False
Is 449 a composite number?
False
Is 254 a composite number?
True
Is 3457 prime?
True
Is 753 composite?
True
Is 11335 prime?
False
Is 13159 a composite number?
False
Is 206699 a prime number?
True
Is 64679 composite?
False
Is 22669 a composite number?
False
Is 93307 a composite number?
False
Is 19259 a composite number?
False
Is 31669 a composite number?
True
Is 370355 prime?
False
Is 98407 prime?
True
Is 2198401 a composite number?
False
Is 149963 a prime number?
False
Is 30587 a prime number?
False
Is 1554169 a composite number?
False
Is 7133 a prime number?
False
Is 356957 a prime number?
False
Is 18237 a composite number?
True
Is 76417 a composite number?
True
Is 7751 prime?
False
Is 395905 prime?
False
Is 558439 prime?
False
Is 56543 prime?
True
Is 181009 a composite number?
True
Is 553411 prime?
True
Is 13613 a composite number?
False
Is 1101 prime?
False
Is 52229 a prime number?
False
Is 26651 prime?
False
Is 13157 a prime number?
False
Is 238883 composite?
False
Is 14923 a composite number?
False
Is 8069 composite?
False
Is 5435 a prime number?
False
Is 1071991 prime?
True
Is 7393 a prime number?
True
Is 7331 composite?
False
Is 35859 prime?
False
Is 177959 composite?
True
Is 19291 a prime number?
False
Is 235901 composite?
False
Is 768041 a prime number?
True
Is 58657 composite?
False
Is 35591 composite?
False
Is 3700309 a prime number?
False
Is 26669 a prime number?
True
Is 435731 a composite number?
False
Is 21955 a composite number?
True
Is 36422 a composite number?
True
Is 1855349 composite?
False
Is 52951 composite?
False
Is 57637 a composite number?
False
Is 580654 composite?
True
Is 96917 a prime number?
False
Is 37951 composite?
False
Is 907898 prime?
False
Is 22897 prime?
False
Is 2441 a composite number?
False
Is 362 composite?
True
Is 278327 prime?
False
Is 162589 prime?
False
Is 11149 a prime number?
True
Is 1973 prime?
True
Is 40727 prime?
False
Is 589045 a pr